{"id":85,"date":"2020-08-04T17:28:22","date_gmt":"2020-08-04T22:28:22","guid":{"rendered":"http:\/\/catei-consultores-educativos.com\/?page_id=85"},"modified":"2025-02-25T12:44:34","modified_gmt":"2025-02-25T18:44:34","slug":"servicios-para-tutores","status":"publish","type":"page","link":"https:\/\/catei-consultores-educativos.com\/?page_id=85","title":{"rendered":"Tertulias pedag\u00f3gicas"},"content":{"rendered":"\t\t<div data-elementor-type=\"wp-page\" data-elementor-id=\"85\" class=\"elementor elementor-85\">\n\t\t\t\t\t\t<section class=\"has_eae_slider elementor-section elementor-top-section elementor-element elementor-element-4dee22b elementor-section-boxed elementor-section-height-default elementor-section-height-default\" data-eae-slider=\"54470\" data-id=\"4dee22b\" data-element_type=\"section\" data-e-type=\"section\" data-settings=\"{&quot;shape_divider_top&quot;:&quot;opacity-tilt&quot;}\">\n\t\t\t\t\t<div class=\"elementor-shape elementor-shape-top\" aria-hidden=\"true\" data-negative=\"false\">\n\t\t\t<svg xmlns=\"http:\/\/www.w3.org\/2000\/svg\" viewBox=\"0 0 2600 131.1\" preserveAspectRatio=\"none\">\n\t<path class=\"elementor-shape-fill\" d=\"M0 0L2600 0 2600 69.1 0 0z\"\/>\n\t<path class=\"elementor-shape-fill\" style=\"opacity:0.5\" d=\"M0 0L2600 0 2600 69.1 0 69.1z\"\/>\n\t<path class=\"elementor-shape-fill\" style=\"opacity:0.25\" d=\"M2600 0L0 0 0 130.1 2600 69.1z\"\/>\n<\/svg>\t\t<\/div>\n\t\t\t\t\t<div class=\"elementor-container elementor-column-gap-default\">\n\t\t\t\t\t<div class=\"has_eae_slider elementor-column elementor-col-50 elementor-top-column elementor-element elementor-element-a1fa82c\" data-eae-slider=\"4988\" data-id=\"a1fa82c\" data-element_type=\"column\" data-e-type=\"column\">\n\t\t\t<div class=\"elementor-widget-wrap elementor-element-populated\">\n\t\t\t\t\t\t<div class=\"elementor-element elementor-element-4c5b3fc elementor-widget elementor-widget-image\" data-id=\"4c5b3fc\" data-element_type=\"widget\" data-e-type=\"widget\" data-widget_type=\"image.default\">\n\t\t\t\t<div class=\"elementor-widget-container\">\n\t\t\t\t\t\t\t\t\t\t\t\t\t\t\t<img fetchpriority=\"high\" decoding=\"async\" width=\"1024\" height=\"219\" src=\"https:\/\/catei-consultores-educativos.com\/wp-content\/uploads\/2022\/07\/LETRAS-01-1024x219.png\" class=\"attachment-large size-large wp-image-2993\" alt=\"\" srcset=\"https:\/\/catei-consultores-educativos.com\/wp-content\/uploads\/2022\/07\/LETRAS-01-1024x219.png 1024w, https:\/\/catei-consultores-educativos.com\/wp-content\/uploads\/2022\/07\/LETRAS-01-300x64.png 300w, https:\/\/catei-consultores-educativos.com\/wp-content\/uploads\/2022\/07\/LETRAS-01-768x164.png 768w, https:\/\/catei-consultores-educativos.com\/wp-content\/uploads\/2022\/07\/LETRAS-01-600x129.png 600w, https:\/\/catei-consultores-educativos.com\/wp-content\/uploads\/2022\/07\/LETRAS-01.png 1424w\" sizes=\"(max-width: 1024px) 100vw, 1024px\" \/>\t\t\t\t\t\t\t\t\t\t\t\t\t\t\t<\/div>\n\t\t\t\t<\/div>\n\t\t\t\t\t<\/div>\n\t\t<\/div>\n\t\t\t\t<div class=\"has_eae_slider elementor-column elementor-col-50 elementor-top-column elementor-element elementor-element-6c06b35\" data-eae-slider=\"87409\" data-id=\"6c06b35\" data-element_type=\"column\" data-e-type=\"column\">\n\t\t\t<div class=\"elementor-widget-wrap elementor-element-populated\">\n\t\t\t\t\t\t<div class=\"elementor-element elementor-element-524736a elementor-widget elementor-widget-image\" data-id=\"524736a\" data-element_type=\"widget\" data-e-type=\"widget\" data-widget_type=\"image.default\">\n\t\t\t\t<div class=\"elementor-widget-container\">\n\t\t\t\t\t\t\t\t\t\t\t\t\t\t\t<img decoding=\"async\" width=\"388\" height=\"337\" src=\"https:\/\/catei-consultores-educativos.com\/wp-content\/uploads\/2022\/07\/MANZANA-04.png\" class=\"attachment-large size-large wp-image-2998\" alt=\"\" srcset=\"https:\/\/catei-consultores-educativos.com\/wp-content\/uploads\/2022\/07\/MANZANA-04.png 388w, https:\/\/catei-consultores-educativos.com\/wp-content\/uploads\/2022\/07\/MANZANA-04-300x261.png 300w\" sizes=\"(max-width: 388px) 100vw, 388px\" \/>\t\t\t\t\t\t\t\t\t\t\t\t\t\t\t<\/div>\n\t\t\t\t<\/div>\n\t\t\t\t\t<\/div>\n\t\t<\/div>\n\t\t\t\t\t<\/div>\n\t\t<\/section>\n\t\t\t\t<section class=\"has_eae_slider elementor-section elementor-top-section elementor-element elementor-element-19b2ba7 elementor-section-boxed elementor-section-height-default elementor-section-height-default\" data-eae-slider=\"16008\" data-id=\"19b2ba7\" data-element_type=\"section\" data-e-type=\"section\">\n\t\t\t\t\t\t<div class=\"elementor-container elementor-column-gap-default\">\n\t\t\t\t\t<div class=\"has_eae_slider elementor-column elementor-col-100 elementor-top-column elementor-element elementor-element-a982118\" data-eae-slider=\"55604\" data-id=\"a982118\" data-element_type=\"column\" data-e-type=\"column\">\n\t\t\t<div class=\"elementor-widget-wrap elementor-element-populated\">\n\t\t\t\t\t\t<div class=\"elementor-element elementor-element-58f40bd eae-mouseenter-yes elementor-invisible elementor-widget elementor-widget-eae-info-circle\" data-id=\"58f40bd\" data-element_type=\"widget\" data-e-type=\"widget\" data-settings=\"{&quot;_animation&quot;:&quot;fadeInUp&quot;}\" data-widget_type=\"eae-info-circle.skin1\">\n\t\t\t\t<div class=\"elementor-widget-container\">\n\t\t\t\t\t\t\t<div class=\"eae-info-circle-wrapper\">\n\t\t\t<div class=\"eae-info-circle\" data-active-item=\"1\" data-autoplay=\"yes\" data-delay=\"6000\" style=\"opacity: 1;\">\n\t\t\t\t\t\t\t\t\t\t<div class=\"eae-info-circle-item elementor-repeater-item-557a409\" style=\"opacity: 1;\">\n\t\t\t\t\t\t<div id=\"557a409\" data-id=\"557a409\" class=\"eae-ic-icon-wrap\" style=\"opacity: 1;\">\n\t\t\t\t\t\t\t\t\t\t\t<div class=\"eae-icon eae-icon-item_icon eae-icon-view-stacked eae-icon-shape-circle eae-icon-type-image\">\n\t\t\t\t\t<div class=\"eae-icon-wrap\">\n\t\t\t\t\t\t\t\t\t\t\t\t\t<i><img src='https:\/\/catei-consultores-educativos.com\/wp-content\/uploads\/2022\/07\/MANZANA-01.png '\/><\/i>\n\t\t\t\t\t\t\t\t\t\t\t\t\t<\/div>\n\t\t\t\t<\/div>\n\t\t\t\t\t\t\t\t\t\t<\/div>\n\t\t\t\t\t\t<div class=\"eae-info-circle-item__content-wrap\">\n\t\t\t\t\t\t\t<div class=\"eae-info-circle-item__content\">\n\t\t\t\t\t\t\t<h3 class=\"eae-ic-heading\">Tertulias<\/h3>\t\t\t\t\t\t\t\t\n\t\t\t\t\t\t\t\t<div class=\"eae-ic-description\">\n\t\t\t\t\t\t\t\t\t<p>Participamos docentes e interesados en el proceso de ense\u00f1anza. <\/p>\n\t\t\t\t\t\t\t\t<\/div>\n\t\t\t\t\t\t\t<\/div>\n\t\t\t\t\t\t<\/div>\n\t\t\t\t\t<\/div>\n\t\t\t\t\t\t\t\t\t\t<div class=\"eae-info-circle-item elementor-repeater-item-f591820\" style=\"opacity: 1;\">\n\t\t\t\t\t\t<div id=\"f591820\" data-id=\"f591820\" class=\"eae-ic-icon-wrap\" style=\"opacity: 1;\">\n\t\t\t\t\t\t\t\t\t\t\t<div class=\"eae-icon eae-icon-item_icon eae-icon-view-stacked eae-icon-shape-circle eae-icon-type-image\">\n\t\t\t\t\t<div class=\"eae-icon-wrap\">\n\t\t\t\t\t\t\t\t\t\t\t\t\t<i><img src='https:\/\/catei-consultores-educativos.com\/wp-content\/uploads\/2022\/07\/MANZANA-01.png '\/><\/i>\n\t\t\t\t\t\t\t\t\t\t\t\t\t<\/div>\n\t\t\t\t<\/div>\n\t\t\t\t\t\t\t\t\t\t<\/div>\n\t\t\t\t\t\t<div class=\"eae-info-circle-item__content-wrap\">\n\t\t\t\t\t\t\t<div class=\"eae-info-circle-item__content\">\n\t\t\t\t\t\t\t<h3 class=\"eae-ic-heading\">Habituales<\/h3>\t\t\t\t\t\t\t\t\n\t\t\t\t\t\t\t\t<div class=\"eae-ic-description\">\n\t\t\t\t\t\t\t\t\t<p>La educaci\u00f3n acontece en cada persona, en la casa, en la escuela y en la comunidad. Hablemos de todos los lugares donde la educaci\u00f3n es frecuente<\/p>\n\t\t\t\t\t\t\t\t<\/div>\n\t\t\t\t\t\t\t<\/div>\n\t\t\t\t\t\t<\/div>\n\t\t\t\t\t<\/div>\n\t\t\t\t\t\t\t\t\t\t<div class=\"eae-info-circle-item elementor-repeater-item-49d95fd\" style=\"opacity: 1;\">\n\t\t\t\t\t\t<div id=\"49d95fd\" data-id=\"49d95fd\" class=\"eae-ic-icon-wrap\" style=\"opacity: 1;\">\n\t\t\t\t\t\t\t\t\t\t\t<div class=\"eae-icon eae-icon-item_icon eae-icon-view-stacked eae-icon-shape-circle eae-icon-type-image\">\n\t\t\t\t\t<div class=\"eae-icon-wrap\">\n\t\t\t\t\t\t\t\t\t\t\t\t\t<i><img src='https:\/\/catei-consultores-educativos.com\/wp-content\/uploads\/2022\/07\/MANZANA-01.png '\/><\/i>\n\t\t\t\t\t\t\t\t\t\t\t\t\t<\/div>\n\t\t\t\t<\/div>\n\t\t\t\t\t\t\t\t\t\t<\/div>\n\t\t\t\t\t\t<div class=\"eae-info-circle-item__content-wrap\">\n\t\t\t\t\t\t\t<div class=\"eae-info-circle-item__content\">\n\t\t\t\t\t\t\t<h3 class=\"eae-ic-heading\">Abiertos<\/h3>\t\t\t\t\t\t\t\t\n\t\t\t\t\t\t\t\t<div class=\"eae-ic-description\">\n\t\t\t\t\t\t\t\t\t<p>Dirigidos a un p\u00fablico amplio, hablemos de educaci\u00f3n desde la experiencia personal, sin pretensiones ni falsedades<\/p>\n\t\t\t\t\t\t\t\t<\/div>\n\t\t\t\t\t\t\t<\/div>\n\t\t\t\t\t\t<\/div>\n\t\t\t\t\t<\/div>\n\t\t\t\t\t\t\t\t\t\t<div class=\"eae-info-circle-item elementor-repeater-item-467a495\" style=\"opacity: 1;\">\n\t\t\t\t\t\t<div id=\"467a495\" data-id=\"467a495\" class=\"eae-ic-icon-wrap\" style=\"opacity: 1;\">\n\t\t\t\t\t\t\t\t\t\t\t<div class=\"eae-icon eae-icon-item_icon eae-icon-view-stacked eae-icon-shape-circle eae-icon-type-image\">\n\t\t\t\t\t<div class=\"eae-icon-wrap\">\n\t\t\t\t\t\t\t\t\t\t\t\t\t<i><img src='https:\/\/catei-consultores-educativos.com\/wp-content\/uploads\/2022\/07\/MANZANA-01.png '\/><\/i>\n\t\t\t\t\t\t\t\t\t\t\t\t\t<\/div>\n\t\t\t\t<\/div>\n\t\t\t\t\t\t\t\t\t\t<\/div>\n\t\t\t\t\t\t<div class=\"eae-info-circle-item__content-wrap\">\n\t\t\t\t\t\t\t<div class=\"eae-info-circle-item__content\">\n\t\t\t\t\t\t\t<h3 class=\"eae-ic-heading\">Accesibles<\/h3>\t\t\t\t\t\t\t\t\n\t\t\t\t\t\t\t\t<div class=\"eae-ic-description\">\n\t\t\t\t\t\t\t\t\t<p>Tomemos un punto sencillo para iniciar: una pel\u00edcula, un poema, un meme. Desde ah\u00ed, hablemos de educaci\u00f3n<\/p>\n\t\t\t\t\t\t\t\t<\/div>\n\t\t\t\t\t\t\t<\/div>\n\t\t\t\t\t\t<\/div>\n\t\t\t\t\t<\/div>\n\t\t\t\t\t\t\t<\/div>\n\t\t<\/div>\n\t\t\t\t\t\t<\/div>\n\t\t\t\t<\/div>\n\t\t\t\t\t<\/div>\n\t\t<\/div>\n\t\t\t\t\t<\/div>\n\t\t<\/section>\n\t\t\t\t<section class=\"has_eae_slider elementor-section elementor-top-section elementor-element elementor-element-cf4755d elementor-section-boxed elementor-section-height-default elementor-section-height-default\" data-eae-slider=\"27915\" data-id=\"cf4755d\" data-element_type=\"section\" data-e-type=\"section\">\n\t\t\t\t\t\t<div class=\"elementor-container elementor-column-gap-default\">\n\t\t\t\t\t<div class=\"has_eae_slider elementor-column elementor-col-50 elementor-top-column elementor-element elementor-element-91d76b7\" data-eae-slider=\"60901\" data-id=\"91d76b7\" data-element_type=\"column\" data-e-type=\"column\">\n\t\t\t<div class=\"elementor-widget-wrap elementor-element-populated\">\n\t\t\t\t\t\t<div class=\"elementor-element elementor-element-104cd49 eae-pop-btn-align-center eae-pop-btn-type-text elementor-invisible elementor-widget elementor-widget-wts-modal-popup\" data-id=\"104cd49\" data-element_type=\"widget\" data-e-type=\"widget\" data-settings=\"{&quot;_animation&quot;:&quot;swing&quot;,&quot;_animation_delay&quot;:900}\" data-widget_type=\"wts-modal-popup.default\">\n\t\t\t\t<div class=\"elementor-widget-container\">\n\t\t\t\t\t\t\t<div class=\"eae-popup-wrapper eae-popup-eae-pupup-item-495849566\" data-id=\"eae-pupup-item-495849566\" data-preview-modal=\"\" data-close-button-type=\"icon\" data-close-btn=\"fas fa-times\" data-close-in-out=\"true\" data-effect=\"\">\n\t\t\t<a class=\"eae-popup-link icon-position-before\"\n\t\t\tdata-id=\"eae-pupup-item-495849566\" data-ctrl-id=\"104cd49\" href=\"#eae-pupup-item-495849566\">\n\t\t\t\t\t\t\t\t\t\t\t\t\t\t<span class=\"eae-popup-btn-icon\">\n\t\t\t\t\t\t<i aria-hidden=\"true\" class=\"fas fa-scroll\"><\/i>\t\t\t\t\t<\/span>\n\t\t\t\t\t\t\t\t\t\t\t\t<span class=\"eae-popup-btn-text\">\n\t\t\t\t\t\t\tDatos\t\t\t\t\t\t<\/span>\n\t\t\t\t\t\t\t\t\t\t\t\t\t<\/a>\n\t\t<\/div>\n\n\t\t<div id=\"eae-pupup-item-495849566\" class=\"eae-popup-eae-pupup-item-495849566 mfp-hide eae-popup-container\">\n\t\t\t<input class=\"eae-hidden-post-id\" type=\"hidden\" name=\"eae_hidden_post_id\" data-id=\"eae-pupup-item-495849566\" value=\"0\" \/>\n\t\t\t<div class=\"eae-popup-content\">\n\t\t\t\t\t\t\t\t\t\t<div class=\"eae-modal-title mfp-title\">\n\t\t\t\t\t\t\tInformaci\u00f3n de nuestros servicios\t\t\t\t\t\t<\/div>\n\t\t\t\t\t\t\t\t\t\t<div class=\"eae-modal-content\">\n\t\t\t\t\t\t<p><em>Tertulias Pedag\u00f3gicas CATEI<\/em> es un proyecto de <em>apoyo a toda clase de tutores.<\/em> Nuestro objetivo es apoyar a mam\u00e1s, hermanos, abuelitos, t\u00edas, profesoras, y a la larga lista de personas que se encuentran interesadas en la traves\u00eda educativa de cada estudiante.<\/p><p><em>Tertulias CATEI<\/em> es un proyecto dirigido a personas que practican como docentes en alg\u00fan aspecto del amplio proceso de ense\u00f1anza-aprendizaje. Directoras, profesores, terapeutas (por mencionar s\u00f3lo algunas) nos reunimos para platicar en calma sobre educaci\u00f3n.<\/p><p>A partir de un punto <em>accesible y gratuito<\/em> en com\u00fan (por ejemplo, un video de rese\u00f1a biogr\u00e1fica, una pel\u00edcula, un cuento o un art\u00edculo en-l\u00ednea) dialogamos para crecer nuestra comprensi\u00f3n del complejo fen\u00f3meno educativo.<\/p>\t\t\t\t\t<\/div>\n\t\t\t\t\t\t\t\t<\/div>\n\t\t<\/div>\n\t\t\t\t\t\t<\/div>\n\t\t\t\t<\/div>\n\t\t\t\t\t<\/div>\n\t\t<\/div>\n\t\t\t\t<div class=\"has_eae_slider elementor-column elementor-col-50 elementor-top-column elementor-element elementor-element-4a380b9\" data-eae-slider=\"54034\" data-id=\"4a380b9\" data-element_type=\"column\" data-e-type=\"column\">\n\t\t\t<div class=\"elementor-widget-wrap elementor-element-populated\">\n\t\t\t\t\t\t<div class=\"elementor-element elementor-element-47a60a3 eae-pop-btn-align-center eae-pop-btn-type-text elementor-invisible elementor-widget elementor-widget-wts-modal-popup\" data-id=\"47a60a3\" data-element_type=\"widget\" data-e-type=\"widget\" data-settings=\"{&quot;_animation&quot;:&quot;swing&quot;,&quot;_animation_delay&quot;:900}\" data-widget_type=\"wts-modal-popup.default\">\n\t\t\t\t<div class=\"elementor-widget-container\">\n\t\t\t\t\t\t\t<div class=\"eae-popup-wrapper eae-popup-eae-pupup-item-907335911\" data-id=\"eae-pupup-item-907335911\" data-preview-modal=\"\" data-close-button-type=\"icon\" data-close-btn=\"fas fa-times\" data-close-in-out=\"true\" data-effect=\"\">\n\t\t\t<a class=\"eae-popup-link icon-position-before\"\n\t\t\tdata-id=\"eae-pupup-item-907335911\" data-ctrl-id=\"47a60a3\" href=\"#eae-pupup-item-907335911\">\n\t\t\t\t\t\t\t\t\t\t\t\t\t\t<span class=\"eae-popup-btn-icon\">\n\t\t\t\t\t\t<i aria-hidden=\"true\" class=\"fas fa-money-bill-wave\"><\/i>\t\t\t\t\t<\/span>\n\t\t\t\t\t\t\t\t\t\t\t\t<span class=\"eae-popup-btn-text\">\n\t\t\t\t\t\t\tCostos\t\t\t\t\t\t<\/span>\n\t\t\t\t\t\t\t\t\t\t\t\t\t<\/a>\n\t\t<\/div>\n\n\t\t<div id=\"eae-pupup-item-907335911\" class=\"eae-popup-eae-pupup-item-907335911 mfp-hide eae-popup-container\">\n\t\t\t<input class=\"eae-hidden-post-id\" type=\"hidden\" name=\"eae_hidden_post_id\" data-id=\"eae-pupup-item-907335911\" value=\"0\" \/>\n\t\t\t<div class=\"eae-popup-content\">\n\t\t\t\t\t\t\t\t\t\t<div class=\"eae-modal-title mfp-title\">\n\t\t\t\t\t\t\tPrecio de nuestros cursos\t\t\t\t\t\t<\/div>\n\t\t\t\t\t\t\t\t\t\t<div class=\"eae-modal-content\">\n\t\t\t\t\t\t<p>Ambos servicios son completamente gratuitos, pero de cupo limitado.<\/p><p>Si te interesa participar cont\u00e1ctanos<\/p>\t\t\t\t\t<\/div>\n\t\t\t\t\t\t\t\t<\/div>\n\t\t<\/div>\n\t\t\t\t\t\t<\/div>\n\t\t\t\t<\/div>\n\t\t\t\t\t<\/div>\n\t\t<\/div>\n\t\t\t\t\t<\/div>\n\t\t<\/section>\n\t\t\t\t<section class=\"has_eae_slider elementor-section elementor-top-section elementor-element elementor-element-e388cc0 elementor-section-boxed elementor-section-height-default elementor-section-height-default\" data-eae-slider=\"81899\" data-id=\"e388cc0\" data-element_type=\"section\" data-e-type=\"section\" data-settings=\"{&quot;shape_divider_top&quot;:&quot;opacity-tilt&quot;,&quot;shape_divider_bottom&quot;:&quot;opacity-tilt&quot;}\">\n\t\t\t\t\t<div class=\"elementor-shape elementor-shape-top\" aria-hidden=\"true\" data-negative=\"false\">\n\t\t\t<svg xmlns=\"http:\/\/www.w3.org\/2000\/svg\" viewBox=\"0 0 2600 131.1\" preserveAspectRatio=\"none\">\n\t<path class=\"elementor-shape-fill\" d=\"M0 0L2600 0 2600 69.1 0 0z\"\/>\n\t<path class=\"elementor-shape-fill\" style=\"opacity:0.5\" d=\"M0 0L2600 0 2600 69.1 0 69.1z\"\/>\n\t<path class=\"elementor-shape-fill\" style=\"opacity:0.25\" d=\"M2600 0L0 0 0 130.1 2600 69.1z\"\/>\n<\/svg>\t\t<\/div>\n\t\t\t\t<div class=\"elementor-shape elementor-shape-bottom\" aria-hidden=\"true\" data-negative=\"false\">\n\t\t\t<svg xmlns=\"http:\/\/www.w3.org\/2000\/svg\" viewBox=\"0 0 2600 131.1\" preserveAspectRatio=\"none\">\n\t<path class=\"elementor-shape-fill\" d=\"M0 0L2600 0 2600 69.1 0 0z\"\/>\n\t<path class=\"elementor-shape-fill\" style=\"opacity:0.5\" d=\"M0 0L2600 0 2600 69.1 0 69.1z\"\/>\n\t<path class=\"elementor-shape-fill\" style=\"opacity:0.25\" d=\"M2600 0L0 0 0 130.1 2600 69.1z\"\/>\n<\/svg>\t\t<\/div>\n\t\t\t\t\t<div class=\"elementor-container elementor-column-gap-default\">\n\t\t\t\t\t<div class=\"has_eae_slider elementor-column elementor-col-100 elementor-top-column elementor-element elementor-element-da298ef\" data-eae-slider=\"60377\" data-id=\"da298ef\" data-element_type=\"column\" data-e-type=\"column\">\n\t\t\t<div class=\"elementor-widget-wrap elementor-element-populated\">\n\t\t\t\t\t\t<div class=\"elementor-element elementor-element-9cdd4ec elementor-widget elementor-widget-heading\" data-id=\"9cdd4ec\" data-element_type=\"widget\" data-e-type=\"widget\" data-widget_type=\"heading.default\">\n\t\t\t\t<div class=\"elementor-widget-container\">\n\t\t\t\t\t<h2 class=\"elementor-heading-title elementor-size-default\">Algunos eventos anteriores<\/h2>\t\t\t\t<\/div>\n\t\t\t\t<\/div>\n\t\t\t\t<div class=\"elementor-element elementor-element-562a617 elementor-widget-divider--separator-type-pattern elementor-widget-divider--no-spacing elementor-widget-divider--view-line elementor-widget elementor-widget-divider\" data-id=\"562a617\" data-element_type=\"widget\" data-e-type=\"widget\" data-widget_type=\"divider.default\">\n\t\t\t\t<div class=\"elementor-widget-container\">\n\t\t\t\t\t\t\t<div class=\"elementor-divider\" style=\"--divider-pattern-url: url(&quot;data:image\/svg+xml,%3Csvg xmlns=&#039;http:\/\/www.w3.org\/2000\/svg&#039; preserveAspectRatio=&#039;none&#039; overflow=&#039;visible&#039; height=&#039;100%&#039; viewBox=&#039;0 0 24 24&#039; fill=&#039;black&#039; stroke=&#039;none&#039;%3E%3Cpath d=&#039;M24,8v12H0V8H24z M24,4v1H0V4H24z&#039;\/%3E%3C\/svg%3E&quot;);\">\n\t\t\t<span class=\"elementor-divider-separator\">\n\t\t\t\t\t\t<\/span>\n\t\t<\/div>\n\t\t\t\t\t\t<\/div>\n\t\t\t\t<\/div>\n\t\t\t\t<div class=\"elementor-element elementor-element-f6b2530 elementor-widget elementor-widget-heading\" data-id=\"f6b2530\" data-element_type=\"widget\" data-e-type=\"widget\" data-widget_type=\"heading.default\">\n\t\t\t\t<div class=\"elementor-widget-container\">\n\t\t\t\t\t<h3 class=\"elementor-heading-title elementor-size-default\">Temporada 1, cuarta tertulia.\nAnt\u00f3n Mak\u00e1renko: El poema pedag\u00f3gico<\/h3>\t\t\t\t<\/div>\n\t\t\t\t<\/div>\n\t\t\t\t<div class=\"elementor-element elementor-element-b6b50d8 elementor-widget elementor-widget-video\" data-id=\"b6b50d8\" data-element_type=\"widget\" data-e-type=\"widget\" data-settings=\"{&quot;youtube_url&quot;:&quot;https:\\\/\\\/youtu.be\\\/j8OKfpR1B6U&quot;,&quot;video_type&quot;:&quot;youtube&quot;,&quot;controls&quot;:&quot;yes&quot;}\" data-widget_type=\"video.default\">\n\t\t\t\t<div class=\"elementor-widget-container\">\n\t\t\t\t\t\t\t<div class=\"elementor-wrapper elementor-open-inline\">\n\t\t\t<div class=\"elementor-video\"><\/div>\t\t<\/div>\n\t\t\t\t\t\t<\/div>\n\t\t\t\t<\/div>\n\t\t<!-- dce invisible element 5380130 --><!-- dce invisible element 632c412 --><!-- dce invisible element 21090a9 --><!-- dce invisible element 8937f0e -->\t\t<div class=\"elementor-element elementor-element-7504029 elementor-shape-rounded elementor-grid-0 e-grid-align-center elementor-invisible elementor-widget elementor-widget-social-icons\" data-id=\"7504029\" data-element_type=\"widget\" data-e-type=\"widget\" data-settings=\"{&quot;_animation&quot;:&quot;swing&quot;}\" data-widget_type=\"social-icons.default\">\n\t\t\t\t<div class=\"elementor-widget-container\">\n\t\t\t\t\t\t\t<div class=\"elementor-social-icons-wrapper elementor-grid\" role=\"list\">\n\t\t\t\t\t\t\t<span class=\"elementor-grid-item\" role=\"listitem\">\n\t\t\t\t\t<a class=\"elementor-icon elementor-social-icon elementor-social-icon-instagram elementor-repeater-item-c5dfa5a\" href=\"https:\/\/www.instagram.com\/edu.catei\/\" target=\"_blank\">\n\t\t\t\t\t\t<span class=\"elementor-screen-only\">Instagram<\/span>\n\t\t\t\t\t\t<i aria-hidden=\"true\" class=\"fab fa-instagram\"><\/i>\t\t\t\t\t<\/a>\n\t\t\t\t<\/span>\n\t\t\t\t\t\t\t<span class=\"elementor-grid-item\" role=\"listitem\">\n\t\t\t\t\t<a class=\"elementor-icon elementor-social-icon elementor-social-icon-whatsapp elementor-repeater-item-1de2df6\" href=\"https:\/\/wa.me\/+5215543714293\" target=\"_blank\">\n\t\t\t\t\t\t<span class=\"elementor-screen-only\">Whatsapp<\/span>\n\t\t\t\t\t\t<i aria-hidden=\"true\" class=\"fab fa-whatsapp\"><\/i>\t\t\t\t\t<\/a>\n\t\t\t\t<\/span>\n\t\t\t\t\t\t\t<span class=\"elementor-grid-item\" role=\"listitem\">\n\t\t\t\t\t<a class=\"elementor-icon elementor-social-icon elementor-social-icon-facebook elementor-repeater-item-957581d\" href=\"https:\/\/www.facebook.com\/catei.edu\" target=\"_blank\">\n\t\t\t\t\t\t<span class=\"elementor-screen-only\">Facebook<\/span>\n\t\t\t\t\t\t<i aria-hidden=\"true\" class=\"fab fa-facebook\"><\/i>\t\t\t\t\t<\/a>\n\t\t\t\t<\/span>\n\t\t\t\t\t\t\t<span class=\"elementor-grid-item\" role=\"listitem\">\n\t\t\t\t\t<a class=\"elementor-icon elementor-social-icon elementor-social-icon-map-marked-alt elementor-repeater-item-d3d9eb6\" href=\"https:\/\/goo.gl\/maps\/c9qX7hxH2UCT5DLE6\" target=\"_blank\">\n\t\t\t\t\t\t<span class=\"elementor-screen-only\">Map-marked-alt<\/span>\n\t\t\t\t\t\t<i aria-hidden=\"true\" class=\"fas fa-map-marked-alt\"><\/i>\t\t\t\t\t<\/a>\n\t\t\t\t<\/span>\n\t\t\t\t\t<\/div>\n\t\t\t\t\t\t<\/div>\n\t\t\t\t<\/div>\n\t\t\t\t<div class=\"elementor-element elementor-element-f99b369 elementor-widget-divider--separator-type-pattern elementor-widget-divider--no-spacing elementor-widget-divider--view-line elementor-widget elementor-widget-divider\" data-id=\"f99b369\" data-element_type=\"widget\" data-e-type=\"widget\" data-widget_type=\"divider.default\">\n\t\t\t\t<div class=\"elementor-widget-container\">\n\t\t\t\t\t\t\t<div class=\"elementor-divider\" style=\"--divider-pattern-url: url(&quot;data:image\/svg+xml,%3Csvg xmlns=&#039;http:\/\/www.w3.org\/2000\/svg&#039; preserveAspectRatio=&#039;none&#039; overflow=&#039;visible&#039; height=&#039;100%&#039; viewBox=&#039;0 0 24 24&#039; fill=&#039;black&#039; stroke=&#039;none&#039;%3E%3Cpath d=&#039;M24,8v12H0V8H24z M24,4v1H0V4H24z&#039;\/%3E%3C\/svg%3E&quot;);\">\n\t\t\t<span class=\"elementor-divider-separator\">\n\t\t\t\t\t\t<\/span>\n\t\t<\/div>\n\t\t\t\t\t\t<\/div>\n\t\t\t\t<\/div>\n\t\t\t\t\t<\/div>\n\t\t<\/div>\n\t\t\t\t\t<\/div>\n\t\t<\/section>\n\t\t\t\t<\/div>\n\t\t","protected":false},"excerpt":{"rendered":"<p>Tertulias Participamos docentes e interesados en el proceso de ense\u00f1anza. Habituales La educaci\u00f3n acontece en cada persona, en la casa, en la escuela y en la comunidad. Hablemos de todos los lugares donde la educaci\u00f3n es frecuente Abiertos Dirigidos a un p\u00fablico amplio, hablemos de educaci\u00f3n desde la experiencia personal, sin pretensiones ni falsedades Accesibles [&hellip;]<\/p>\n","protected":false},"author":1,"featured_media":0,"parent":80,"menu_order":0,"comment_status":"closed","ping_status":"closed","template":"","meta":{"zakra_page_container_layout":"customizer","zakra_page_sidebar_layout":"customizer","zakra_remove_content_margin":false,"zakra_sidebar":"customizer","zakra_transparent_header":"customizer","zakra_logo":0,"zakra_main_header_style":"default","zakra_menu_item_color":"","zakra_menu_item_hover_color":"","zakra_menu_item_active_color":"","zakra_menu_active_style":"","zakra_page_header":true,"footnotes":""},"class_list":["post-85","page","type-page","status-publish","hentry"],"_links":{"self":[{"href":"https:\/\/catei-consultores-educativos.com\/index.php?rest_route=\/wp\/v2\/pages\/85","targetHints":{"allow":["GET"]}}],"collection":[{"href":"https:\/\/catei-consultores-educativos.com\/index.php?rest_route=\/wp\/v2\/pages"}],"about":[{"href":"https:\/\/catei-consultores-educativos.com\/index.php?rest_route=\/wp\/v2\/types\/page"}],"author":[{"embeddable":true,"href":"https:\/\/catei-consultores-educativos.com\/index.php?rest_route=\/wp\/v2\/users\/1"}],"replies":[{"embeddable":true,"href":"https:\/\/catei-consultores-educativos.com\/index.php?rest_route=%2Fwp%2Fv2%2Fcomments&post=85"}],"version-history":[{"count":32,"href":"https:\/\/catei-consultores-educativos.com\/index.php?rest_route=\/wp\/v2\/pages\/85\/revisions"}],"predecessor-version":[{"id":3761,"href":"https:\/\/catei-consultores-educativos.com\/index.php?rest_route=\/wp\/v2\/pages\/85\/revisions\/3761"}],"up":[{"embeddable":true,"href":"https:\/\/catei-consultores-educativos.com\/index.php?rest_route=\/wp\/v2\/pages\/80"}],"wp:attachment":[{"href":"https:\/\/catei-consultores-educativos.com\/index.php?rest_route=%2Fwp%2Fv2%2Fmedia&parent=85"}],"curies":[{"name":"wp","href":"https:\/\/api.w.org\/{rel}","templated":true}]}}